{"id":2012,"date":"2024-10-28T01:51:29","date_gmt":"2024-10-28T01:51:29","guid":{"rendered":"https:\/\/pazdelasaves.org\/condiciones-generales\/"},"modified":"2024-11-02T17:19:42","modified_gmt":"2024-11-02T17:19:42","slug":"condiciones-generales","status":"publish","type":"page","link":"https:\/\/pazdelasaves.org\/es\/condiciones-generales\/","title":{"rendered":"Condiciones generales"},"content":{"rendered":"<p>[et_pb_section fb_built=\u00bb1&#8243; _builder_version=\u00bb4.27.0&#8243; _module_preset=\u00bbdefault\u00bb use_background_color_gradient=\u00bbon\u00bb background_color_gradient_stops=\u00bb#e8f2e6 0%|#e9f7c8 100%\u00bb global_colors_info=\u00bb{}\u00bb theme_builder_area=\u00bbpost_content\u00bb][et_pb_row _builder_version=\u00bb4.27.0&#8243; _module_preset=\u00bbdefault\u00bb global_colors_info=\u00bb{}\u00bb theme_builder_area=\u00bbpost_content\u00bb][et_pb_column type=\u00bb4_4&#8243; _builder_version=\u00bb4.27.0&#8243; _module_preset=\u00bbdefault\u00bb global_colors_info=\u00bb{}\u00bb theme_builder_area=\u00bbpost_content\u00bb][et_pb_text _builder_version=\u00bb4.27.0&#8243; _module_preset=\u00bbdefault\u00bb hover_enabled=\u00bb0&#8243; global_colors_info=\u00bb{}\u00bb theme_builder_area=\u00bbpost_content\u00bb sticky_enabled=\u00bb0&#8243; text_orientation=\u00bbcenter\u00bb]<\/p>\n<h1>Condiciones generales<\/h1>\n<p><strong>27 de octubre de 2024<\/strong><br \/>Paz de Las Aves, Mindo, Ecuador<\/p>\n<p>[\/et_pb_text][et_pb_text _builder_version=\u00bb4.27.0&#8243; _module_preset=\u00bbdefault\u00bb theme_builder_area=\u00bbpost_content\u00bb hover_enabled=\u00bb0&#8243; sticky_enabled=\u00bb0&#8243; background_color=\u00bb#ffffff\u00bb custom_padding=\u00bb25px|25px|25px|25px|true|true\u00bb border_radii=\u00bbon|10px|10px|10px|10px\u00bb border_width_all=\u00bb1px\u00bb border_color_all=\u00bb#2E4D38&#8243; box_shadow_style=\u00bbpreset1&#8243;]<\/p>\n<p>Al hacer una reserva por correo electr\u00f3nico, WhatsApp o nuestro sitio web, t\u00fa (el cliente) aceptas estas condiciones.<\/p>\n<p>Si tu reserva se realiza a trav\u00e9s de un tercero, como una agencia de viajes, un hotel de Mindo o un gu\u00eda privado, se aplicar\u00e1n sus t\u00e9rminos y condiciones, y deber\u00e1s ponerte en contacto con ellos directamente para cualquier problema.<\/p>\n<p><strong>Condiciones del servicio<\/strong><\/p>\n<p>El alcance de nuestros servicios se detalla en nuestro sitio web. Sin embargo, nos reservamos el derecho a ajustar el itinerario debido a circunstancias imprevistas, como condiciones meteorol\u00f3gicas adversas, emergencias nacionales, cambios en el comportamiento de los animales, etc. <\/p>\n<p>Si tu hora de llegada cambia debido a circunstancias imprevistas, notif\u00edcanoslo lo antes posible. Trabajaremos contigo para concertar una hora de visita alternativa. Sin embargo, si prefieres cancelar, ten en cuenta que puedes perder el pago.  <\/p>\n<p>[\/et_pb_text][\/et_pb_column][\/et_pb_row][et_pb_row _builder_version=\u00bb4.27.0&#8243; _module_preset=\u00bbdefault\u00bb theme_builder_area=\u00bbpost_content\u00bb module_id=\u00bbprivacy policy\u00bb hover_enabled=\u00bb0&#8243; sticky_enabled=\u00bb0&#8243;][et_pb_column _builder_version=\u00bb4.27.0&#8243; _module_preset=\u00bbdefault\u00bb type=\u00bb4_4&#8243; theme_builder_area=\u00bbpost_content\u00bb][et_pb_text _builder_version=\u00bb4.27.0&#8243; _module_preset=\u00bbdefault\u00bb hover_enabled=\u00bb0&#8243; global_colors_info=\u00bb{}\u00bb theme_builder_area=\u00bbpost_content\u00bb sticky_enabled=\u00bb0&#8243; text_orientation=\u00bbcenter\u00bb]<\/p>\n<h1><\/h1>\n<h1><\/h1>\n<h1>Pol\u00edtica de privacidad<\/h1>\n<p>[\/et_pb_text][et_pb_text _builder_version=\u00bb4.27.0&#8243; _module_preset=\u00bbdefault\u00bb theme_builder_area=\u00bbpost_content\u00bb hover_enabled=\u00bb0&#8243; sticky_enabled=\u00bb0&#8243; background_color=\u00bb#ffffff\u00bb custom_padding=\u00bb25px|25px|25px|25px|true|true\u00bb border_radii=\u00bbon|10px|10px|10px|10px\u00bb border_width_all=\u00bb1px\u00bb border_color_all=\u00bb#2E4D38&#8243; box_shadow_style=\u00bbpreset1&#8243;]<\/p>\n<p>En Refugio Paz de las Aves, nos comprometemos a proteger tu privacidad. Esta pol\u00edtica de privacidad explica c\u00f3mo recogemos, utilizamos y salvaguardamos tu informaci\u00f3n personal cuando participas en nuestras campa\u00f1as y servicios de marketing. <\/p>\n<p><strong>Informaci\u00f3n que recogemos:<\/strong><\/p>\n<p>Recopilamos informaci\u00f3n personal que nos proporcionas voluntariamente al rellenar formularios en nuestro sitio web o a trav\u00e9s de anuncios de Facebook. Esta informaci\u00f3n puede incluir: <\/p>\n<ul>\n<li>Nombre y apellidos<\/li>\n<li>Direcci\u00f3n de correo electr\u00f3nico<\/li>\n<li>N\u00famero de tel\u00e9fono<\/li>\n<\/ul>\n<p><strong>C\u00f3mo utilizamos tu informaci\u00f3n:<\/strong><\/p>\n<ul>\n<li>Para enviarte detalles y actualizaciones sobre nuestras excursiones de observaci\u00f3n de aves<\/li>\n<li>Para responder a tus consultas y ayudarte a reservar nuestros servicios<\/li>\n<li>Para enviar correos electr\u00f3nicos promocionales sobre futuras actividades y eventos en Refugio Paz de Las Aves<\/li>\n<\/ul>\n<p><strong>Cambios en la Pol\u00edtica de Privacidad:<\/strong><\/p>\n<p>Podemos actualizar esta pol\u00edtica de privacidad de vez en cuando. Te notificaremos cualquier cambio publicando la pol\u00edtica actualizada en esta p\u00e1gina. <\/p>\n<p><strong>Proteger tu informaci\u00f3n:<\/strong><\/p>\n<p>Tomamos medidas razonables para proteger tu informaci\u00f3n personal contra el acceso no autorizado, la divulgaci\u00f3n o la p\u00e9rdida. No compartimos tu informaci\u00f3n con terceros a menos que sea necesario para prestarte nuestros servicios. Tienes derecho a acceder a tu informaci\u00f3n personal, corregirla o eliminarla en cualquier momento. Para ello, ponte en contacto con nosotros en <span \n                data-original-string='Shdm0oywSCpepBG8lxGx5Q==601TItf15yZ1ZYRgZvV5PsaaqruXWRQw\/RCzgQzvx9q95k='\n                class='apbct-email-encoder'\n                title='Este contacto ha sido codificado por Anti-Spam by CleanTalk. Haz clic para decodificar. Para finalizar la decodificaci\u00f3n, aseg\u00farate de que JavaScript est\u00e1 activado en tu navegador.'>in<span class=\"apbct-blur\">**<\/span>@<span class=\"apbct-blur\">*****************<\/span>es.com<\/span> o ll\u00e1manos al +1 619 919 4985 (EE.UU.) o 0996494170 (Ecuador).   <\/p>\n<p>[\/et_pb_text][\/et_pb_column][\/et_pb_row][\/et_pb_section]<\/p>\n","protected":false},"excerpt":{"rendered":"<p>Condiciones generales 27 de octubre de 2024Paz de Las Aves, Mindo, EcuadorAl hacer una reserva por correo electr\u00f3nico, WhatsApp o nuestro sitio web, t\u00fa (el cliente) aceptas estas condiciones. Si tu reserva se realiza a trav\u00e9s de un tercero, como una agencia de viajes, un hotel de Mindo o un gu\u00eda privado, se aplicar\u00e1n sus [&hellip;]<\/p>\n","protected":false},"author":1,"featured_media":0,"parent":0,"menu_order":0,"comment_status":"closed","ping_status":"closed","template":"","meta":{"_et_pb_use_builder":"on","_et_pb_old_content":"","_et_gb_content_width":"","footnotes":""},"class_list":["post-2012","page","type-page","status-publish","hentry"],"_links":{"self":[{"href":"https:\/\/pazdelasaves.org\/es\/wp-json\/wp\/v2\/pages\/2012","targetHints":{"allow":["GET"]}}],"collection":[{"href":"https:\/\/pazdelasaves.org\/es\/wp-json\/wp\/v2\/pages"}],"about":[{"href":"https:\/\/pazdelasaves.org\/es\/wp-json\/wp\/v2\/types\/page"}],"author":[{"embeddable":true,"href":"https:\/\/pazdelasaves.org\/es\/wp-json\/wp\/v2\/users\/1"}],"replies":[{"embeddable":true,"href":"https:\/\/pazdelasaves.org\/es\/wp-json\/wp\/v2\/comments?post=2012"}],"version-history":[{"count":0,"href":"https:\/\/pazdelasaves.org\/es\/wp-json\/wp\/v2\/pages\/2012\/revisions"}],"wp:attachment":[{"href":"https:\/\/pazdelasaves.org\/es\/wp-json\/wp\/v2\/media?parent=2012"}],"curies":[{"name":"wp","href":"https:\/\/api.w.org\/{rel}","templated":true}]}}

<p>[et_pb_section fb_built=»1&#8243; _builder_version=»4.27.0&#8243; _module_preset=»default» use_background_color_gradient=»on» background_color_gradient_stops=»#e8f2e6 0%|#e9f7c8 100%» global_colors_info=»{}» theme_builder_area=»post_content»][et_pb_row _builder_version=»4.27.0&#8243; _module_preset=»default» global_colors_info=»{}» theme_builder_area=»post_content»][et_pb_column type=»4_4&#8243; _builder_version=»4.27.0&#8243; _module_preset=»default» global_colors_info=»{}» theme_builder_area=»post_content»][et_pb_text _builder_version=»4.27.0&#8243; _module_preset=»default» hover_enabled=»0&#8243; global_colors_info=»{}» theme_builder_area=»post_content» sticky_enabled=»0&#8243; text_orientation=»center»]</p>
<h1>Condiciones generales</h1>
<p><strong>27 de octubre de 2024</strong><br />Paz de Las Aves, Mindo, Ecuador</p>
<p>[/et_pb_text][et_pb_text _builder_version=»4.27.0&#8243; _module_preset=»default» theme_builder_area=»post_content» hover_enabled=»0&#8243; sticky_enabled=»0&#8243; background_color=»#ffffff» custom_padding=»25px|25px|25px|25px|true|true» border_radii=»on|10px|10px|10px|10px» border_width_all=»1px» border_color_all=»#2E4D38&#8243; box_shadow_style=»preset1&#8243;]</p>
<p>Al hacer una reserva por correo electrónico, WhatsApp o nuestro sitio web, tú (el cliente) aceptas estas condiciones.</p>
<p>Si tu reserva se realiza a través de un tercero, como una agencia de viajes, un hotel de Mindo o un guía privado, se aplicarán sus términos y condiciones, y deberás ponerte en contacto con ellos directamente para cualquier problema.</p>
<p><strong>Condiciones del servicio</strong></p>
<p>El alcance de nuestros servicios se detalla en nuestro sitio web. Sin embargo, nos reservamos el derecho a ajustar el itinerario debido a circunstancias imprevistas, como condiciones meteorológicas adversas, emergencias nacionales, cambios en el comportamiento de los animales, etc. </p>
<p>Si tu hora de llegada cambia debido a circunstancias imprevistas, notifícanoslo lo antes posible. Trabajaremos contigo para concertar una hora de visita alternativa. Sin embargo, si prefieres cancelar, ten en cuenta que puedes perder el pago.  </p>
<p>[/et_pb_text][/et_pb_column][/et_pb_row][et_pb_row _builder_version=»4.27.0&#8243; _module_preset=»default» theme_builder_area=»post_content» module_id=»privacy policy» hover_enabled=»0&#8243; sticky_enabled=»0&#8243;][et_pb_column _builder_version=»4.27.0&#8243; _module_preset=»default» type=»4_4&#8243; theme_builder_area=»post_content»][et_pb_text _builder_version=»4.27.0&#8243; _module_preset=»default» hover_enabled=»0&#8243; global_colors_info=»{}» theme_builder_area=»post_content» sticky_enabled=»0&#8243; text_orientation=»center»]</p>
<h1></h1>
<h1></h1>
<h1>Política de privacidad</h1>
<p>[/et_pb_text][et_pb_text _builder_version=»4.27.0&#8243; _module_preset=»default» theme_builder_area=»post_content» hover_enabled=»0&#8243; sticky_enabled=»0&#8243; background_color=»#ffffff» custom_padding=»25px|25px|25px|25px|true|true» border_radii=»on|10px|10px|10px|10px» border_width_all=»1px» border_color_all=»#2E4D38&#8243; box_shadow_style=»preset1&#8243;]</p>
<p>En Refugio Paz de las Aves, nos comprometemos a proteger tu privacidad. Esta política de privacidad explica cómo recogemos, utilizamos y salvaguardamos tu información personal cuando participas en nuestras campañas y servicios de marketing. </p>
<p><strong>Información que recogemos:</strong></p>
<p>Recopilamos información personal que nos proporcionas voluntariamente al rellenar formularios en nuestro sitio web o a través de anuncios de Facebook. Esta información puede incluir: </p>
<ul>
<li>Nombre y apellidos</li>
<li>Dirección de correo electrónico</li>
<li>Número de teléfono</li>
</ul>
<p><strong>Cómo utilizamos tu información:</strong></p>
<ul>
<li>Para enviarte detalles y actualizaciones sobre nuestras excursiones de observación de aves</li>
<li>Para responder a tus consultas y ayudarte a reservar nuestros servicios</li>
<li>Para enviar correos electrónicos promocionales sobre futuras actividades y eventos en Refugio Paz de Las Aves</li>
</ul>
<p><strong>Cambios en la Política de Privacidad:</strong></p>
<p>Podemos actualizar esta política de privacidad de vez en cuando. Te notificaremos cualquier cambio publicando la política actualizada en esta página. </p>
<p><strong>Proteger tu información:</strong></p>
<p>Tomamos medidas razonables para proteger tu información personal contra el acceso no autorizado, la divulgación o la pérdida. No compartimos tu información con terceros a menos que sea necesario para prestarte nuestros servicios. Tienes derecho a acceder a tu información personal, corregirla o eliminarla en cualquier momento. Para ello, ponte en contacto con nosotros en <span 
                data-original-string='Shdm0oywSCpepBG8lxGx5Q==601TItf15yZ1ZYRgZvV5PsaaqruXWRQw/RCzgQzvx9q95k='
                class='apbct-email-encoder'
                title='Este contacto ha sido codificado por Anti-Spam by CleanTalk. Haz clic para decodificar. Para finalizar la decodificación, asegúrate de que JavaScript está activado en tu navegador.'>in<span class="apbct-blur">**</span>@<span class="apbct-blur">*****************</span>es.com</span> o llámanos al +1 619 919 4985 (EE.UU.) o 0996494170 (Ecuador).   </p>
<p>[/et_pb_text][/et_pb_column][/et_pb_row][/et_pb_section]</p>

<p>Condiciones generales 27 de octubre de 2024Paz de Las Aves, Mindo, EcuadorAl hacer una reserva por correo electrónico, WhatsApp o nuestro sitio web, tú (el cliente) aceptas estas condiciones. Si tu reserva se realiza a través de un tercero, como una agencia de viajes, un hotel de Mindo o un guía privado, se aplicarán sus [&hellip;]</p>
